e 16) in base 14?
-3
What is -515 (base 6) in base 9?
-232
-24 (base 12) to base 15
-1d
What is 211 (base 3) in base 11?
20
What is 6 (base 9) in base 7?
6
14 (base 12) to base 10
16
Convert 115 (base 7) to base 11.
56
73 (base 12) to base 13
69
-6b (base 15) to base 11
-92
Convert -351 (base 6) to base 7.
-256
What is 20 (base 3) in base 11?
6
Convert 531 (base 6) to base 11.
171
11 (base 12) to base 7
16
-179 (base 10) to base 4
-2303
-1 (base 2) to base 5
-1
Convert -303 (base 7) to base 2.
-10010110
Convert a0 (base 16) to base 13.
c4
What is -3 (base 9) in base 16?
-3
What is 200 (base 5) in base 4?
302
Convert 10001111 (base 2) to base 14.
a3
What is 5 (base 13) in base 15?
5
323 (base 4) to base 13
47
What is -610 (base 8) in base 7?
-1100
2 (base 3) to base 10
2
-d (base 14) to base 12
-11
Convert 20 (base 9) to base 2.
10010
10000 (base 2) to base 6
24
What is 2 (base 15) in base 7?
2
Convert -12a (base 15) to base 14.
-14d
22 (base 10) to base 13
19
Convert 2 (base 16) to base 6.
2
What is 5 (base 8) in base 11?
5
Convert 3 (base 12) to base 4.
3
-110 (base 2) to base 10
-6
What is -1131 (base 5) in base 8?
-246
What is -22 (base 11) in base 15?
-19
-11 (base 8) to base 6
-13
-2002 (base 3) to base 13
-44
Convert 1 (base 10) to base 14.
1
-11 (base 2) to base 5
-3
-102 (base 5) to base 12
-23
What is 55 (base 10) in base 6?
131
Convert -11 (base 10) to base 11.
-10
What is 41 (base 7) in base 5?
104
Convert -3 (base 8) to base 13.
-3
What is 1220 (base 3) in base 10?
51
What is 2110 (base 5) in base 12?
1b4
What is 1215 (base 6) in base 5?
2144
3 (base 14) to base 8
3
4 (base 7) to base 4
10
What is -2 (base 16) in base 3?
-2
Convert -42 (base 5) to base 16.
-16
What is 121 (base 6) in base 9?
54
-47 (base 9) to base 15
-2d
-31 (base 10) to base 11
-29
What is 3 (base 5) in base 4?
3
-29 (base 16) to base 4
-221
102 (base 4) to base 3
200
Convert 9 (base 11) to base 15.
9
What is 1010 (base 2) in base 13?
a
7 (base 14) to base 9
7
What is 1 (base 4) in base 10?
1
What is 4 (base 16) in base 3?
11
-83 (base 9) to base 8
-113
3 (base 6) to base 2
11
What is -212 (base 11) in base 16?
-ff
Convert -13 (base 4) to base 16.
-7
What is -14 (base 7) in base 4?
-23
What is 2 (base 6) in base 7?
2
What is -1 (base 8) in base 2?
-1
-1101111 (base 2) to base 7
-216
What is -2 (base 5) in base 4?
-2
Convert 0 (base 12) to base 7.
0
Convert -a (base 11) to base 12.
-a
69 (base 10) to base 14
4d
1 (base 10) to base 6
1
What is 102 (base 7) in base 12?
43
What is -24 (base 11) in base 15?
-1b
Convert -8 (base 15) to base 16.
-8
-2 (base 12) to base 6
-2
-23 (base 6) to base 9
-16
Convert -39 (base 10) to base 6.
-103
-2 (base 4) to base 14
-2
-63 (base 16) to base 5
-344
What is c (base 15) in base 4?
30
-143 (base 11) to base 3
-20020
What is -1 (base 12) in base 15?
-1
17 (base 10) to base 13
14
What is 6 (base 11) in base 6?
10
What is 34 (base 5) in base 3?
201
2 (base 8) to base 16
2
Convert 12 (base 5) to base 13.
7
What is 4 (base 11) in base 4?
10
Convert e (base 16) to base 2.
1110
Convert -12 (base 12) to base 13.
-11
What is 5 (base 7) in base 2?
101
Convert 127 (base 12) to base 15.
ba
Convert -3 (base 4) to base 8.
-3
-1b (base 13) to base 5
-44
Convert 0 (base 11) to base 14.
0
5 (base 11) to base 15
5
61 (base 7) to base 15
2d
-11 (base 5) to base 12
-6
0 (base 15) to base 13
0
7 (base 9) to base 12
7
Convert 42 (base 13) to base 2.
110110
What is -100 (base 2) in base 4?
-10
5c (base 14) to base 12
6a
9 (base 14) to base 5
14
12 (base 4) to base 16
6
-c0 (base 16) to base 14
-da
Convert -45 (base 10) to base 8.
-55
Convert -2 (base 6) to base 9.
-2
Convert -10 (base 14) to base 4.
-32
2 (base 10) to base 14
2
Convert -6 (base 13) to base 7.
-6
Convert -154 (base 16) to base 5.
-2330
-2 (base 9) to base 2
-10
130 (base 9) to base 8
154
What is -40 (base 6) in base 9?
-26
-1110 (base 4) to base 12
-70
-2 (base 7) to base 13
-2
Convert -42 (base 5) to base 11.
-20
Convert 4 (base 10) to base 8.
4
-226 (base 11) to base 10
-270
What is 2 (base 16) in base 12?
2
Convert 101 (base 3) to base 7.
13
What is 5 (base 10) in base 16?
5
Convert 10 (base 3) to base 10.
3
What is -5 (base 9) in base 3?
-12
What is -51 (base 16) in base 6?
-213
-11000 (base 2) to base 10
-24
What is 404 (base 7) in base 5?
1300
Convert -101 (base 2) to base 5.
-10
Convert -7 (base 8) to base 9.
-7
Convert 125 (base 10) to base 7.
236
What is -10 (base 3) in base 2?
-11
Convert -12 (base 5) to base 16.
-7
What is -66 (base 14) in base 16?
-5a
-3 (base 14) to base 11
-3
What is 43 (base 14) in base 3?
2012
Convert 8 (base 9) to base 16.
8
Convert -1045 (base 6) to base 12.
-185
Convert -13 (base 5) to base 9.
-8
Convert -1101 (base 3) to base 11.
-34
Convert 2 (base 13) to base 7.
2
Convert -10 (base 5) to base 10.
-5
What is 222 (base 4) in base 6?
110
What is 0 (base 14) in base 15?
0
8 (base 13) to base 12
8
-1112 (base 3) to base 7
-56
Convert 24 (base 16) to base 8.
44
What is 2 (base 14) in base 9?
2
-20 (base 7) to base 14
-10
What is ba (base 13) in base 7?
306
Convert -112 (base 3) to base 8.
-16
What is -40 (base 10) in base 12?
-34
Convert 4 (base 14) to base 2.
100
Convert -10100 (base 3) to base 13.
-6c
1233 (base 4) to base 15
76
Convert 5 (base 9) to base 7.
5
11 (base 9) to base 14
a
What is -533 (base 7) in base 3?
-100222
Convert 29 (base 16) to base 6.
105
What is 11 (base 12) in base 11?
12
-134 (base 7) to base 5
-244
Convert 67 (base 15) to base 12.
81
Convert 4 (base 14) to base 4.
10
-44 (base 5) to base 9
-26
What is -3 (base 7) in base 5?
-3
What is -11 (base 2) in base 16?
-3
What is -e (base 16) in base 4?
-32
21 (base 8) to base 4
101
What is 24 (base 11) in base 9?
28
What is -175 (base 8) in base 3?
-11122
Convert -2 (base 8) to base 9.
-2
What is 1 (base 4) in base 7?
1
Convert -1 (base 16) to base 10.
-1
What is -2 (base 9) in base 4?
-2
1 (base 15) to base 5
1
What is a (base 11) in base 5?
20
What is 14 (base 10) in base 5?
24
4 (base 9) to base 11
4
Convert 2b (base 16) to base 15.
2d
Convert -1101 (base 2) to base 6.
-21
4 (base 12) to base 9
4
Convert -10 (base 4) to base 8.
-4
-1011 (base 2) to base 10
-11
302 (base 4) to base 10
50
What is 9 (base 16) in base 7?
12
What is 23 (base 15) in base 6?
53
What is -426 (base 7) in base 16?
-d8
What is -12 (base 9) in base 12?
-b
What is 75 (base 12) in base 11?
81
Convert 6a (base 13) to base 15.
5d
Convert 14 (base 5) to base 13.
9
Convert 21 (base 6) to base 13.
10
What is 1120 (base 5) in base 8?
240
What is 20 (base 16) in base 7?
44
-d6 (base 14) to base 9
-228
Convert 1021 (base 3) to base 9.
37
What is 1 (base 11) in base 3?
1
21 (base 7) to base 2
1111
-3 (base 13) to base 2
-11
331 (base 5) to base 12
77
Convert 1 (base 15) to base 6.
1
-134 (base 5) to base 7
-62
What is -126 (base 11) in base 9?
-175
Convert -13 (base 11) to base 7.
-20
What is 401 (base 5) in base 4?
1211
Convert b (base 16) to base 2.
1011
Convert 0 (base 13) to base 2.
0
-10000100 (base 2) to base 4
-2010
Convert -100110111 (base 2) to base 10.
-311
Convert -1 (base 9) to base 10.
-1
0 (base 16) to base 4
0
What is -3a (base 13) in base 9?
-54
What is -21 (base 3) in base 7?
-10
What is 4 (base 5) in base 9?
4
-1 (base 10) to base 13
-1
Convert 20 (base 6) to base 11.
11
-188 (base 12) to base 2
-11111000
Convert 0 (base 3) to base 16.
0
What is -5b (base 14) in base 13?
-63
2 (base 4) to base 8
2
Convert -2 (base 13) to base 15.
-2
Convert 1 (base 15) to base 13.
1
Convert -5 (base 11) to base 10.
-5
Convert -21 (base 5) to base 7.
-14
10123 (base 4) to base 16
11b
-10 (base 8) to base 10
-8
What is 22 (base 3) in base 14?
8
What is -1 (base 12) in base 3?
-1
What is -2 (base 9) in base 11?
-2
What is -15 (base 10) in base 5?
-30
Convert 12202 (base 3) to base 11.
131
-10 (base 3) to base 7
-3
Convert 7 (base 8) to base 3.
21
2123 (base 4) to base 11
131
-43 (base 5) to base 11
-21
What is 1b (base 14) in base 4?
121
5 (base 8) to base 4
11
53 (base 6) to base 11
30
Convert b (base 15) to base 9.
12
1 (base 10) to base 4
1
35 (base 7) to base 16
1a
456 (base 7) to base 11
1a6
Convert 32 (base 15) to base 13.
38
Convert f (base 16) to base 11.
14
Convert -3 (base 16) to base 4.
-3
What is 0 (base 9)